common divisor of 476 and 2389688?
28
What is the highest common factor of 32690 and 24710?
70
What is the greatest common factor of 33102 and 1070911?
613
What is the greatest common divisor of 201 and 37221783?
201
Calculate the highest common divisor of 7496468 and 238896.
2212
What is the highest common divisor of 362 and 258263108?
362
What is the greatest common factor of 103831962 and 39?
39
What is the highest common factor of 17344 and 104224?
32
What is the greatest common divisor of 167973395 and 190?
95
What is the greatest common factor of 202 and 45544637?
101
Calculate the highest common factor of 26 and 2511704.
26
What is the greatest common divisor of 26481 and 678321?
2037
What is the greatest common factor of 92 and 7548439?
23
What is the greatest common factor of 240 and 3656928?
48
What is the highest common divisor of 545 and 65262769?
109
What is the greatest common divisor of 394 and 10384461?
197
What is the highest common divisor of 15140200 and 4392?
488
What is the greatest common factor of 2672 and 7426156?
668
Calculate the greatest common divisor of 63580 and 45538240.
3740
What is the greatest common factor of 194 and 117759358?
194
Calculate the highest common divisor of 256366 and 4922986.
542
Calculate the highest common factor of 19280 and 19040.
80
Calculate the highest common factor of 292442200 and 1328.
664
Calculate the greatest common divisor of 4847014 and 114.
38
Calculate the highest common factor of 600566 and 658.
94
What is the greatest common divisor of 284301821 and 296?
37
Calculate the highest common factor of 646809618 and 262.
262
Calculate the highest common divisor of 42599 and 120524.
1039
Calculate the highest common divisor of 2471172 and 772.
772
Calculate the highest common factor of 15044757 and 7917.
273
Calculate the greatest common factor of 430720 and 6310721.
673
What is the greatest common divisor of 5311357 and 59?
59
Calculate the greatest common factor of 577 and 60213989.
577
What is the greatest common factor of 8 and 502808?
8
Calculate the greatest common divisor of 19836 and 261231.
57
Calculate the highest common divisor of 78 and 48758242.
26
What is the highest common divisor of 6 and 593884704?
6
Calculate the greatest common factor of 748 and 6864583.
187
What is the greatest common factor of 46617103 and 91?
13
What is the greatest common factor of 32 and 2630532?
4
Calculate the highest common factor of 17357868 and 5236.
44
Calculate the highest common divisor of 5588697 and 6.
3
Calculate the highest common factor of 2958 and 33584146.
986
What is the highest common divisor of 5205852 and 8856?
1476
What is the highest common factor of 29485 and 8249?
1
What is the highest common divisor of 108289947 and 543?
543
Calculate the greatest common divisor of 59700 and 19515.
15
What is the highest common divisor of 85353972 and 7824?
1956
Calculate the greatest common divisor of 91828337 and 331.
331
What is the highest common divisor of 403 and 1049737?
13
Calculate the highest common divisor of 972706 and 488.
122
What is the highest common factor of 464 and 107972?
4
Calculate the greatest common divisor of 4464448 and 2686.
158
What is the highest common factor of 77911890 and 30?
30
What is the highest common divisor of 4616724 and 24276?
1428
Calculate the greatest common divisor of 4278 and 57917703.
2139
What is the greatest common divisor of 335026 and 762?
254
What is the highest common divisor of 36330768 and 30294?
2754
Calculate the highest common divisor of 463042 and 218186.
254
What is the highest common divisor of 5731 and 1318651?
521
What is the highest common divisor of 764 and 5532697?
191
What is the highest common factor of 384 and 257802?
6
What is the highest common divisor of 25 and 3256970?
5
Calculate the greatest common divisor of 53766338 and 155.
31
What is the highest common factor of 1089 and 151421457?
363
What is the highest common factor of 462 and 985794?
6
Calculate the highest common factor of 81328 and 11226800.
3536
Calculate the highest common factor of 415944 and 46269.
477
Calculate the highest common factor of 333626 and 5350.
214
What is the greatest common divisor of 303067 and 13135?
37
Calculate the highest common factor of 506198 and 28026.
346
What is the greatest common factor of 278 and 15898403?
139
Calculate the highest common divisor of 243407 and 74987.
401
Calculate the highest common divisor of 207147 and 1131.
87
What is the highest common divisor of 8922023 and 595486?
10267
What is the greatest common divisor of 73920 and 45069640?
3080
Calculate the highest common factor of 110 and 15562745.
55
What is the highest common divisor of 4566032 and 16?
16
What is the highest common factor of 6494 and 1182481?
191
Calculate the greatest common factor of 10531 and 343342193.
10531
What is the greatest common factor of 1184286263 and 43?
43
What is the greatest common divisor of 56538515 and 867?
289
What is the greatest common factor of 103526 and 13320?
74
What is the highest common factor of 645587 and 7751?
23
What is the greatest common factor of 114243155 and 260?
65
Calculate the greatest common divisor of 140 and 6301190.
70
What is the greatest common divisor of 297999 and 14391?
351
Calculate the greatest common divisor of 730466 and 3223.
11
What is the greatest common divisor of 22810 and 72360?
10
Calculate the highest common factor of 422606 and 6943.
131
Calculate the highest common divisor of 19482866 and 247.
247
What is the greatest common factor of 5262849247 and 919?
919
What is the greatest common divisor of 47650004 and 10548?
1172
Calculate the greatest common factor of 1149055 and 3239.
79
What is the greatest common divisor of 131440232 and 1232?
616
What is the greatest common factor of 96 and 1916128?
32
Calculate the greatest common factor of 208 and 143875654.
26
Calculate the highest common factor of 722932 and 17276.
28
Calculate the greatest common factor of 5956727 and 14.
7
What is the highest common divisor of 2060 and 1310?
10
Calculate the highest common divisor of 187 and 32442663.
11
Calculate the highest common factor of 332852 and 926406.
962
Calculate the highest common factor of 21124 and 272.
4
What is the greatest common factor of 1356379 and 391?
391
What is the highest common divisor of 25961124 and 616?
28
Calculate the greatest common divisor of 215204 and 110668.
292
What is the greatest common divisor of 113 and 73454068?
113
Calculate the greatest common factor of 900108723 and 129.
129
What is the greatest common divisor of 2659819 and 185?
37
Calculate the greatest common factor of 590768490 and 390.
390
What is the highest common divisor of 175 and 52246145?
35
Calculate the highest common divisor of 7244664 and 3132.
348
Calculate the highest common divisor of 16227 and 211275.
27
Calculate the highest common factor of 10522952 and 591.
197
What is the greatest common factor of 17809631 and 1077?
359
What is the highest common divisor of 882119 and 4991?
161
Calculate the greatest common factor of 1328 and 114087152.
1328
What is the highest common factor of 14139461 and 833?
119
What is the highest common divisor of 27666240 and 48024?
552
What is the highest common factor of 560 and 14143430?
70
What is the greatest common factor of 1946263358 and 82?
82
What is the highest common factor of 36061 and 334?
1
Calculate the highest common divisor of 616118 and 2506.
358
What is the highest common factor of 350 and 3021350?
50
Calculate the greatest common factor of 472 and 21100760.
472
What is the highest common divisor of 32330130 and 595?
35
What is the highest common divisor of 6416 and 40291678?
802
What is the highest common divisor of 23564898 and 2604?
1302
What is the highest common factor of 42699 and 27169473?
993
Calculate the greatest common divisor of 3012 and 119476.
1004
What is the greatest common divisor of 195 and 4315389?
39
What is the greatest common factor of 350127368 and 3668?
524
Calculate the highest common factor of 41 and 2520064303.
41
Calculate the highest common divisor of 193204 and 23311819.
4391
What is the greatest common divisor of 8 and 8629234?
2
Calculate the greatest common divisor of 544514318 and 1054.
1054
